+ 66 - 18.
16
What is the value of -17 + (12 + -7 + -11 - -2)?
-21
Evaluate -12 + (7 - (1 + -24)).
18
Calculate 3 + 15 - (-3 + (-7 - -15)).
13
What is -24 + 59 + 9 + -28?
16
121 + -94 - (-1 + 18)
10
Calculate (2 - 29) + (59 - 42).
-10
What is the value of -1 + -3 + (-22 - -13) - -4?
-9
What is the value of (1 - (3 + 4)) + -4 + 0 + 22?
12
What is the value of (-6 + 3 - (5 + -34)) + 53 + -59?
20
Calculate -9 - (12 + -16) - (4 - 11).
2
What is -2 + -1 + (24 - 0 - (-584 + 605))?
0
Calculate (4 - -2) + (-32 - (6 - 25)).
-7
Evaluate (-33 - -26) + 9 - 28.
-26
Evaluate -8 - (-14 + (17 - 16)).
5
Calculate 58 + -68 - (-21 + (0 - 1)).
12
What is the value of 2 - -47 - (237 - 209)?
21
Calculate 4 + (7 - 47) + 16 + -17.
-37
Evaluate -1988 - -1991 - (1 - (1 + 20)).
23
Calculate (-38 - -20 - 9) + 3.
-24
Calculate 25 - ((-3 - 10) + 25) - -7.
20
What is 10 - (6 - (1 + -1 + 0)) - -2?
6
What is the value of (-4 + 1 + -3 - -5) + (5 - 5)?
-1
(-5 - (17 + -1)) + 13
-8
Evaluate -70 - -47 - (-1 - 28).
6
Evaluate 22 - (13 - 1 - 9 - (-1 - 4)).
14
What is the value of (12 - 18) + 47 + -34?
7
(-9 + -11 - -3) + 6 + (-4 - -4)
-11
(21 - (-5 + 38)) + (-3 - -31)
16
What is the value of (4 + 4 - 5 - (28 - 18)) + 7?
0
What is the value of (21 - (5 + 7) - 36) + -10?
-37
-1 + 15 + 10 + -20
4
Evaluate 11 + -18 + (41 + -48 - (-12 + 1)).
-3
33 + -39 - (-5 - 11)
10
Evaluate -1 + -12 - -17 - 12 - 19.
-27
-10 + (-2 - (6 + -24))
6
Evaluate (-13 - (2 - -3)) + 80 + -86.
-24
What is the value of -1 + -2 + 13 + -3 + 5?
12
Evaluate (-6 - (7 - (2 - 0))) + 4.
-7
Calculate -23 - (-34 - -10 - 16).
17
Evaluate 6 + 12 + 17 + -26.
9
What is 9 - (-13 + (14 - -1))?
7
What is the value of -24 + -20 + 19 + 5?
-20
Evaluate -2600 + 2628 - (-2 + (0 - 0)).
30
Evaluate -15 + 9 + (2 - 0).
-4
(8 - 42) + 79 + -57
-12
What is (-3 - (8 - -1 - 14)) + 6?
8
Calculate (-11 - (-1 + -19)) + -4 + -10 - -25.
20
What is the value of -4 + 16 - (-28 - -48)?
-8
What is the value of -31 + 21 + 8 - 2?
-4
33 + (-11 - (-9 + 2)) + -3 - -3
29
Calculate (1 - -1) + -16 + 19 + (-13 - -10).
2
Calculate 3 + (2 - (-1 + 4 + -3 + 4)).
1
Evaluate (2 - -20 - 31) + 18.
9
Calculate (1 - 28) + (-31 - -55).
-3
20 - (16 + -3) - 8
-1
What is -6 + 3 - 2 - (39 - 45)?
1
What is (-1 - 33) + 26 + -16 - -12?
-12
What is -3 - 10 - ((24 - 28) + 8)?
-17
Calculate -8 - ((8 - 6 - 7) + 2).
-5
What is 10 + 8 + -13 + 10?
15
What is the value of -6 - (9 - (24 + -10))?
-1
Calculate 4 + -3 + (-1 - 0) + (-10 - -10).
0
Calculate 340 + -355 + 23 + -2.
6
What is -10 + 11 + 7 - 5?
3
Calculate (-7 - 2) + 27 + 1.
19
Evaluate (2 - (-6 + (18 + -5 - 4))) + -15.
-16
What is -1 + 12 + (-3 - 43) + 15?
-20
Calculate -4 + 2 + (2 + -5 + -2 - 0).
-7
Evaluate -11 + -10 + 30 + -6 + (8 - 2).
9
-13 - -80 - 69 - (-1 + 8 + 0)
-9
Calculate 15 + (-18 - -12) + -2.
7
What is the value of -9 + -1 - (-48 + 47) - 24?
-33
Evaluate (-4 - 2) + (-7 - (-2 - 9)).
-2
Evaluate -2 + 7 + 3 + -417 + 385.
-24
Calculate 2 - 3 - (-432 - -438).
-7
What is 1 + 11 + -179 + 175?
8
What is (-9 + 0 - 9) + 8 - (3 + 0)?
-13
Evaluate 9 + (1 - ((-6 - -7) + 4)) + -13.
-8
-66 - -60 - (-1 + -1 + 0)
-4
Calculate -31 - -18 - 9 - -4.
-18
What is the value of 1 + 9 + (16 + -1 - 10)?
15
What is the value of 90 + -88 - (-2 - (0 + 2))?
6
Calculate 5 + -2 - (-2 - (-47 - -17)).
-25
Calculate (4 + 1 - (2 + -1)) + -125 + 135.
14
-31 + (13 - (18 + -17))
-19
(0 - -15 - 3) + 29 + -31
10
-12 + (-16 - -49 - 4) + -17
0
9 - (17 + -21 - (0 + -8))
5
Evaluate (2 - -3 - 4) + -4 - 5.
-8
Evaluate 48 + 0 + -37 + 25.
36
What is the value of -12 + 8 + -1 + -11 + 2 + 2?
-12
Evaluate -9 - (30 + -54 + (24 - 5)).
-4
Evaluate (85 + -76 - (7 + 0)) + (-1 - 0).
1
-10 + 28 - (7 - -18) - 9
-16
Evaluate 126 + -137 + (0 + 6 + -3 - 2).
-10
(20 - 14) + (-6 - -4)
4
What is 0 + -3 + 3 - (-1 + -9 - -1)?
9
What is 4 + (-2 - 0 - 4) - (26 - 16)?
-12
What is the value of -18 - (-10 - (-10 - -13) - -3)?
-8
Calculate 27 + -1 + 270 + -287.
9
(37 - 15 - 37) + 8
-7
Evaluate (12 + -13 - 1) + -5.
-7
Evaluate (2 - -7) + (3 - 2) + -1 + -33.
-24
-37 - (-15 + -14) - -8
0
-16 + 3 - (0 - 26)
13
What is 18 - (20 + -19 + 19) - 18?
-20
What is the value of (19 - 30 - 30) + 9?
-32
Evaluate (-3 - -2) + (-2 - -33) - (-2 + 11).
21
(106 - 132) + -1 + (1 - (1 + -1))
-26
What is (4 - -10) + -4 - 19?
-9
What is the value of -18 + -12 + 21 - (0 - 2)?
-7
(-2 - -1 - -1) + (-15 - (15 - 14))
-16
-13 + (8 - (-8 - 8)) + -25
-14
What is 33 + -17 + (1 + -6 - -3 - 3)?
11
Evaluate -3 - (1 - (1 - -4) - (-435 + 432)).
-2
What is the value of 85 - 96 - (0 + -1)?
-10
-3 + (-1 + 0 + 4 - 6) - -17
11
Evaluate -1 + (4 - (3 + 7)) + 7.
0
Evaluate 1 - -1 - (364 + -365).
3
Evaluate -11 - -13 - 3 - (-1 + -1).
1
Calculate -2 + -4 - ((4 - -13 - 7) + -3).
-13
Evaluate -5 - (31 + -18 - (0 + 6 - 13)).
-25
(3 - 12) + (6 - 2) + -2 + 17
10
What is the value of 26 - -7 - (101 - 108)?
40
0 + 1 + 8 + -13 + (0 - -12)
8
(0 - (4 - -1)) + (-14 - -6)
-13
What is the value of -9 + (13 - 10) - 1?
-7
-20 + 2 + 16 + -4 + 0
-6
Evaluate -9 + (10 - (-12 + 26)).
-13
Calculate 2 + -2 + 5 - (-7 + 0) - 3.
9
What is -27 + -42 + 12 - -28?
-29
What is -33 + -24 + 34 + 6?
-17
Calculate (1 - ((-5 - -15) + 7)) + 34.
18
Calculate 0 - 7 - 6 - -7.
-6
2 + (13 - (17 - 17))
15
-17 - ((30 - -8) + -51)
-4
Calculate (-9 - 47 - 1) + 25.
-32
What is the value of -79 - -66 - (2 + -18)?
3
Calculate -1 + -3 + (-44 - -21) + 17 - 15.
-25
What is 280 - 259 - (38 + 1)?
-18
-22 - (-18 - -5) - (-9 + 14)
-14
2 + (-12 + 29 + -10 - 31)
-22
Calculate -5 - (-3 - 5 - (-11 - -19)).
11
Evaluate (-4 - -4 - -4) + (-22 - -10) + 4.
-4
What is the value of -2 + (-2 - (8 + -17))?
5
What is -53 + 37 - (5 - 21)?
0
What is 16 + (-1 + 2 - 13)?
4
Evaluate 3 - -1 - (0 + 5 + 25 + -16).
-10
Evaluate 30 + (12 - (-7 - (-26 + 9))).
32
Evaluate -17 + (-1 - -5 - -4) + 7.
-2
0 + (9 - 11) - -8
6
Calculate -37 + 38 - (19 + (5 - 9)).
-14
Evaluate -4 + 11 + -9 + -3.
-5
(-123 + 81 - -16) + -10 + -2 + 1
-37
What is 3 + 10 - (36 + -18 + -9)?
4
What is 38 + -13 + -80 + 30?
-25
What is the value of -1327 + 1390 - (34 - -2)?
27
What is the value of -6 + 7 + (-19 + 5 - -8)?
-5
Evaluate 23 + -1 + (804 - 825).
1
Calculate 209 + -167 - (-1 + 24).
19
Calculate -4 - (18 - (-9 + 20 - 3)).
-14
Calculate (-5 - -8 - 1 - -11) + -3 + 2.
12
Calculate 8 - -10 - (20 + 13) - (2 + 5).
-22
Evaluate 442 - 445 - (1 - 13).
9
What is the value of -14 + 1 + (-38 - (-39 - 5))?
-7
What is the value of (-8 - (-7 + 6 + -3) - 2) + 5?
-1
Calculate -32 + (-13 - (4 - (34 + -18))).
-33
What is the value of 28 + -19 - (-1 + 11) - 13?
-14
Calculate -6 + 28 + 12 + -27 + 10.
17
-443 + 446 + (1 - -20)
24
1 - 10 - (74 - 72)
-11
What is the value of 5 + (13 - 19) - (7 - 11)?
3
23 - (5 + 28 + -14)
4
What is the value of 7 + (-7 + 0 - (-5 + -25 + 16))?
14
-21 + 1 + (-13 + -10 - (38 + -58))
-23
Calculate 23 + (26 - 62) + 46 + -4.
29
What is the value of 19 + -1 + 0 + 0 + (8 - 13)?
13
What is 3 - 0 - (2 + (-14 - (-4 - 5)))?
6
What is 9 - (7 + (11 + -7 - 10))?
8
Evaluate 0 + 2 + 5 + -7 + -1 - -7.
6
Calculate 2 - -20 - 12 - (20 - 1).
-9
What is (16 - 19 - 2) + 15 + -2?
8
Evaluate 18 + (-15 + -4 - (37 + -1)).
-37
What is the value of -12 + 1 - (81 - 88)?
-4
Evaluate -113 + 120 + (13 - 1) + 2.
21
-4 - -21 - (-6 + 11)
12
-8 - (2 - 0 - (27 + -8))
9
What is 8 - 25 - (2 + -15)?
-4
Evaluate 0 + 17 + (-69 - -52) + (-10 - 1).
-11
What is the value of 8 + (12 - 7) + (-6 - -8)?
15
Calculate (9 - (66 + -34)) + 54.
31
(-1 - 0) + (9 - -1) + -10 + -3
-4
What is 21 + (10 - 0 - (20 + 2))?
9
Calculate -14 + 17 + (6 - 2) + -16.
-9
What is the value of -21 - 3 - (-6 + -4 + 11 + -4)?
-21
What is the value of -23 - (-7 + -6) - -2?
-8
10 - (5 + -11 - (-25 - 0))
-9
What is 34 + (-8 - (0 + -9 + 8)) + 8?
35
12 + (51 - 67) - (-1 + -21)
18
-16 + 14 + -15 - -2
-15
What is 34 + (-13 - -11) - (9 - (-2 - -7))?
28
Evaluate (-6 - (27 - 47)) + 0 + -47.
-33
-18 - (-14 + (-14 - 2))
12
What is 2 - (-6 - -2 - (22 - 41))?
-13
Calculate 47 + 2 + (1094 - 1105).
38
(-26 - -4) + (1 - -13)
-8
Evaluate 3 - (3 + 4 - (-24 + 32)).
4
What is the value of 3 - (-1 + 10) - (-5 + 3 - 16)?
12
What is the value of (0 + 0 - 4 - -8) + -16?
-12
-15 + (3 - -5) + (0 - -13)
6
What is 2 - ((3 - -2) + -2 + 32 + -27)?
-6
Calculate (-4 - -16) + (6 - 25).
-7
Calculate 2 + -14 + -1 + -105 + 119.
1
Evaluate -